 is the units digit of 352/12*(-6)/z?
4
Suppose 0 = -40*b + 41*b - 944. What is the hundreds digit of b?
9
Suppose 5*o = 14*o - 1458. Suppose o - 618 = -4*a. What is the tens digit of a?
1
Let t = -591 - -2021. What is the hundreds digit of t?
4
Let o be (-4 - -30)*-2 + 3. Let v = -33 - o. What is the units digit of v?
6
Let s = 430 - 642. Let r = s + 470. What is the hundreds digit of r?
2
Suppose 0 = 2*o - 11*d + 13*d - 534, 0 = -4*o - 2*d + 1078. What is the tens digit of o?
7
Let x(z) = z**3 + 7*z**2 + 6*z + 1. Let w be x(-6). Let p be (w - 0)/(3/6). Suppose d + p = j - 0*d, -2*j + 5*d = -1. What is the units digit of j?
3
Let f = -3 + 3. Suppose f = q - 88 - 1. What is the tens digit of q?
8
Suppose 12*f - 15*f = -30. Let d = f + -1. What is the units digit of (20/(-15))/((-2)/d)?
6
Suppose 5*r = -2*m + 2*r + 2647, m = -r + 1324. What is the units digit of m?
5
Let d(n) = n**3 - n**2 - 83. Let i be d(0). Let l = 140 + i. What is the tens digit of l?
5
Suppose n - 65 = 5*g, 2*g = -2*n + n + 79. Let o = 33 - n. What is the units digit of (o + 0)*1/(-3)?
4
Suppose -18*l = 4232 - 22844. What is the thousands digit of l?
1
Let c = 1874 + -812. What is the units digit of c?
2
Let i(z) = -z**3 + 2*z**2 + 2*z + 4. Let r be i(3). Let v(k) = 4*k**3 + k**2. What is the units digit of v(r)?
5
Let c = 4 + 1. Suppose -c*u - 16 = -9*u. Suppose 5*q + w = 177, 54 + 8 = 2*q - u*w. What is the tens digit of q?
3
Let z = 2 - -1. Suppose -i = -5, -d = d + z*i - 31. Suppose -107 = -3*x - d. What is the units digit of x?
3
Let f = 17 - 23. Let k = -4 - f. What is the units digit of k?
2
Let o(v) = -46*v. Let b be o(-1). What is the units digit of b + -3 + (-3)/(-1)?
6
Let o(d) be the third derivative of -11*d**2 + 0 + 0*d + 7/3*d**3 + 1/24*d**4. What is the units digit of o(-11)?
3
Suppose 24 = -w + 6. Let d = w + 18. Suppose 0 = -3*c - 5*a + 193, d = 2*c + 4*a + 56 - 182. What is the tens digit of c?
7
Let l = 4 - -124. What is the units digit of l?
8
Let f(w) = -w - 6. Let v be f(-11). Suppose -k = z - 5*k + v, 7 = -z + 5*k. Suppose -3*t = z*o - 60, 6*t - 65 = 3*t + 2*o. What is the tens digit of t?
2
Let d be (-6)/(-4) - 1998/(-12). Let w = -107 + d. What is the units digit of w?
1
Let g(d) = 17*d - 2. Let h be g(1). Let o be (-4)/(-20) + 1452/h. Let i = o - 68. What is the units digit of i?
9
Let u(f) = 2*f. Let c be u(1). Let i be 1*(c - -4) + -2. Suppose 6*b = i*b + 88. What is the units digit of b?
4
Let z = 889 - 425. Suppose 5*j - z = -134. What is the units digit of j?
6
What is the tens digit of 173*-1*-5 + (-45 - -45)?
6
Suppose -5*z + 15 = -0*z. Suppose -u - 5*f - 126 = -z*u, -4*f = 4*u - 196. What is the tens digit of u?
5
Let g = 4 - 8. Let l = -2 + g. Let u(z) = -2*z - 5. What is the units digit of u(l)?
7
Suppose -g + 109 = -5*a, 5*a - 311 = -7*g + 3*g. Suppose -i + g + 22 = -3*k, 172 = 2*i + 2*k. What is the tens digit of i?
9
Let c = 1565 + -928. What is the units digit of c?
7
Let k(l) = -41*l + 3. Let y be (-20)/(-130) + (-30)/26. What is the tens digit of k(y)?
4
Let s(b) = -3*b**2 - 4*b - 10 - 10*b + 2*b**2. Let h be s(-13). What is the units digit of 1 + 0 - (-3 + h)?
1
Suppose 4*a - 2*l - 12168 = 0, -5*a = 2*l - 2705 - 12523. What is the units digit of a?
4
Suppose -6*z + 1865 - 761 = 0. Let h = -126 + z. What is the units digit of h?
8
Let b(q) = 4*q**3 + 3*q**2 - 2*q - 16. Let f(g) = 3*g**3 + 4*g**2 - g - 15. Let a(j) = -4*b(j) + 5*f(j). What is the tens digit of a(6)?
7
Suppose -4 = 4*d + 4. Let v(z) = -z + 1. Let j be v(d). Let n(q) = q**3 - 2*q**2 + 5*q - 2. What is the tens digit of n(j)?
2
Let i = -391 - -387. Suppose 2*v - 2*d = 5*v + 24, 4*d = -5*v - 40. What is the units digit of i/(-8)*-4*v?
6
Let f = 56 - 53. Suppose -t + 4*z + 457 = 4*t, 277 = f*t - z. What is the tens digit of t?
9
Let b(t) = -t**2 + t - 5. Let i be b(0). Let v(a) = -8*a + 12. Let m be v(i). Suppose -2*u - 2*d + 28 + m = 0, -u = 5*d - 60. What is the tens digit of u?
3
What is the hundreds digit of -6*2 + -57 + 2384?
3
Suppose 5*m - 4 - 1 = 0. Let c be 5 + m + 1 + -4. Suppose c*n = -n + 40. What is the units digit of n?
0
What is the units digit of ((-8)/(-36)*-107)/(4/(-36))?
4
Let q(f) = -48*f + 2. Let u = 13 + -16. Let g be q(u). Suppose 0 = -4*z - 14 + 6, -4*m + z + g = 0. What is the units digit of m?
6
Suppose -674*d = -672*d - 3332. What is the units digit of d?
6
Suppose -2*a = -4*p + 377 - 1771, -5*p + 10 = 0. What is the hundreds digit of a?
7
Let r = 6 + -2. Suppose r*n = 4 + 12. Suppose 0 = -4*u - n*h + 12, 36 = 4*u - 5*h + 3*h. What is the units digit of u?
7
What is the thousands digit of (-87)/(3*10/(-650))?
1
Suppose 2*a - 10 - 10 = 0. Let b = -2 + a. What is the units digit of b?
8
Let z(s) = 1132*s - 40. What is the thousands digit of z(4)?
4
Suppose -2*d = -10 - 12. Let m(f) be the third derivative of -f**6/120 + 11*f**5/60 + f**4/8 + 2*f**3 - 7*f**2. What is the tens digit of m(d)?
4
What is the units digit of (2 - -730) + (19 - 22)?
9
What is the hundreds digit of (6 + -8 - -3)*(6 - -321)?
3
Let d = -761 + 1083. What is the tens digit of d?
2
Let u be (3 + -3)*-4*(-4)/32. Suppose 0 = -0*x + 3*x - 5*n - 713, n + 4 = u. What is the tens digit of x?
3
Suppose -2*t = f - 2, 11 = -4*t + t - 5*f. What is the units digit of 1540/(-33)*((-54)/4)/t?
0
What is the tens digit of -3*2/6*-901?
0
Let r = -43 - 30. Let b = r - -218. What is the tens digit of b?
4
Let x = -5363 + 9348. What is the hundreds digit of x?
9
Suppose -4*s + 1763 = b - 13223, 0 = -3*b + 6. What is the tens digit of s?
4
Suppose -3*x = -17*x + 13776. What is the hundreds digit of x?
9
Let a(c) = -c**3 + c**2 + c + 46. Let o be a(0). Suppose -2*i + o = -3*h + 7, 5*h = -4*i + 23. Suppose p - 9 = i. What is the units digit of p?
1
Let j = 20 - 16. Suppose -j*v + i + 193 = -0*v, 0 = -v + 2*i + 43. What is the units digit of v?
9
Let d = 18 + -15. Let n(y) = 4*y - 3. Let f be n(d). Suppose 4*v - 23 = f. What is the units digit of v?
8
Let q = 26 + 96. What is the hundreds digit of q?
1
What is the units digit of 14/(-10)*-161 - 32/80?
5
Let r = 14 + -11. Suppose 3*z = 3 + 3, -2*s - r*z = -26. What is the tens digit of s?
1
Let k = 184 + -100. What is the tens digit of (k + -15)*1/(6/4)?
4
Suppose 0 = 5*q + 20, 4*q - 257 = -4*d + 1303. What is the tens digit of d?
9
Let i be (1 + 0)/(9/(-4617)). Let j be ((-4)/(-6))/(9/i). Let z = 46 + j. What is the units digit of z?
8
Suppose -10*s + 836 = 9*s. Suppose -10*i + 2646 = -s. What is the units digit of i?
9
Let x(r) = -219*r**3 - 3*r - 2. What is the hundreds digit of x(-1)?
2
Suppose -1520 = -3*a - 4*g, -502 = -a - 6*g + 7*g. What is the units digit of a?
4
Let t(n) = 18*n**2 + 38*n + 174. What is the tens digit of t(-5)?
3
Let t(d) = 2*d + 9. Let m(u) = u - 1. Let v be m(3). Let z be v*1/(-3)*6. What is the units digit of t(z)?
1
Suppose 7630 - 2114 = 4*q. What is the hundreds digit of q?
3
Let u = -170 - -357. Suppose 2*c - 5*c + 3*y = -534, c - u = 4*y. What is the hundreds digit of c?
1
Suppose 127*f = 126*f + 941. What is the tens digit of f?
4
Suppose -2*w = -6*o + 2*o, 5*w = -3*o + 26. What is the tens digit of 2 + -1 + 39 - o?
3
Suppose 5*p + j = -0*j + 3284, -3*p + 1988 = 5*j. What is the hundreds digit of p?
6
Suppose -a + j + 659 = 0, -11*j + 10*j + 2626 = 4*a. What is the units digit of a?
7
Let y = -37 + 6. Let x = y - -122. What is the tens digit of x?
9
Let t = 27 + -22. What is the tens digit of t/(-2)*(-1496)/55?
6
Let b = -727 - -1221. What is the tens digit of b?
9
Suppose 16*o - 17*o = -751. Suppose a + 0*d + 3*d = 241, 3*a - o = 5*d. What is the hundreds digit of a?
2
Let f = 23 + 883. What is the hundreds digit of f?
9
Let d(b) = b**3 - 3*b**2 - b + 5. Suppose 0*k + 5*k - 15 = 0. Suppose 0 = -j + 6 - k. What is the units digit of d(j)?
2
Let b(u) = 221*u**2 - 16*u - 91. What is the thousands digit of b(-4)?
3
Let v = -58 + 60. Suppose 130 = 5*f - v*h - 33, -2*f + 78 = -4*h. What is the tens digit of f?
3
Let a be (6/9)/(12/54). Let s(y) = -y**2 + 8*y + 2. Let d be s(8). Suppose q = -d*j + 40, -a*q = 5*j - j - 84. What is the units digit of j?
8
Let l(s) = -13*s**2 + 0*s**3 + 7*s - 6*s**3 + 7*s**3 + 20 - 6. What is the units digit of l(13)?
5
Let k = -1 - -3. Let v be ((-16)/k)/(-4) - -1. Suppose 2*a - 5*n -